{"id":117,"date":"2023-04-04T03:43:58","date_gmt":"2023-04-04T03:43:58","guid":{"rendered":"https:\/\/yellowprofesional.com.co\/?page_id=117"},"modified":"2023-04-04T13:08:08","modified_gmt":"2023-04-04T13:08:08","slug":"pure-toners-2","status":"publish","type":"page","link":"https:\/\/yellowprofesional.com.co\/index.php\/pure-toners-2\/","title":{"rendered":"Pure Toners"},"content":{"rendered":"\n<div class=\"wp-block-cover alignfull is-light has-custom-content-position is-position-center-right\" style=\"padding-top:0;padding-right:0;padding-bottom:0px;padding-left:0;min-height:670px;aspect-ratio:unset;\"><span aria-hidden=\"true\" class=\"wp-block-cover__background has-background-dim-0 has-background-dim\"><\/span><img loading=\"lazy\" decoding=\"async\" width=\"2560\" height=\"901\" class=\"wp-block-cover__image-background wp-image-118\" alt=\"\" src=\"https:\/\/yellowprofesional.com.co\/wp-content\/uploads\/2023\/04\/banner-pure-toners-scaled.jpg\" data-object-fit=\"cover\" srcset=\"https:\/\/yellowprofesional.com.co\/wp-content\/uploads\/2023\/04\/banner-pure-toners-scaled.jpg 2560w, https:\/\/yellowprofesional.com.co\/wp-content\/uploads\/2023\/04\/banner-pure-toners-300x106.jpg 300w, https:\/\/yellowprofesional.com.co\/wp-content\/uploads\/2023\/04\/banner-pure-toners-1024x361.jpg 1024w, https:\/\/yellowprofesional.com.co\/wp-content\/uploads\/2023\/04\/banner-pure-toners-768x270.jpg 768w, https:\/\/yellowprofesional.com.co\/wp-content\/uploads\/2023\/04\/banner-pure-toners-1536x541.jpg 1536w, https:\/\/yellowprofesional.com.co\/wp-content\/uploads\/2023\/04\/banner-pure-toners-2048x721.jpg 2048w\" sizes=\"auto, (max-width: 2560px) 100vw, 2560px\" \/><div class=\"wp-block-cover__inner-container is-layout-flow wp-block-cover-is-layout-flow\">\n<h2 class=\"wp-block-heading has-text-align-right\" style=\"font-size:70px;font-style:normal;font-weight:600\">PURE TONERS<\/h2>\n\n\n\n<h1 class=\"wp-block-heading has-text-align-right has-text-color\" style=\"color:#9678d3\">Happiness is colorful<\/h1>\n\n\n\n<p class=\"has-text-align-right\">LA L\u00cdNEA DE\u00a0<strong>DEMI-PERMANENT COLORS<\/strong><br>PARA REGALAR\u00a0<strong>MATICES DE REFLEJO PURO<\/strong>\u00a0Y\u00a0<strong>RESULTADOS EXTRA COSM\u00c9TICOS<\/strong>. <\/p>\n\n\n\n<p class=\"has-text-align-right\">DISPONIBLE EN<strong>\u00a06 TONALIDADES<\/strong>\u00a0PARA RUBIOS Y MORENAS. <\/p>\n<\/div><\/div>\n\n\n\n<h1 class=\"wp-block-heading has-text-align-center has-text-color\" style=\"color:#9678d3\">Descubre&nbsp;los productos<\/h1>\n\n\n\n<div class=\"wp-block-columns alignwide is-layout-flex wp-container-core-columns-is-layout-9d6595d7 wp-block-columns-is-layout-flex\">\n<div class=\"wp-block-column is-layout-flow wp-block-column-is-layout-flow\" style=\"padding-top:0;padding-right:0;padding-bottom:0;padding-left:0\"><div class=\"wp-block-image\">\n<figure class=\"aligncenter size-full\"><img loading=\"lazy\" decoding=\"async\" width=\"600\" height=\"851\" src=\"https:\/\/yellowprofesional.com.co\/wp-content\/uploads\/2023\/04\/pure-toners.png\" alt=\"\" class=\"wp-image-56\" srcset=\"https:\/\/yellowprofesional.com.co\/wp-content\/uploads\/2023\/04\/pure-toners.png 600w, https:\/\/yellowprofesional.com.co\/wp-content\/uploads\/2023\/04\/pure-toners-212x300.png 212w\" sizes=\"auto, (max-width: 600px) 100vw, 600px\" \/><\/figure>\n<\/div>\n\n\n<h5 class=\"wp-block-heading has-text-align-center\" style=\"font-style:normal;font-weight:700\">GEL TONALIZANTE EXTRA CARE &amp; BRILLO<\/h5>\n\n\n\n<p class=\"has-text-align-center\">FORMULADO PARA TONALIZAR EL CABELLO DECOLORADO GARANTIZANDO BRILLO Y RESULTADOS DE CUIDADO EXTRA<\/p>\n<\/div>\n<\/div>\n\n\n\n<div class=\"wp-block-cover alignfull is-light\"><span aria-hidden=\"true\" class=\"wp-block-cover__background has-background-dim-100 has-background-dim\" style=\"background-color:#f4edff\"><\/span><div class=\"wp-block-cover__inner-container is-layout-flow wp-block-cover-is-layout-flow\">\n<div class=\"wp-block-columns alignwide is-layout-flex wp-container-core-columns-is-layout-9d6595d7 wp-block-columns-is-layout-flex\">\n<div class=\"wp-block-column is-layout-flow wp-block-column-is-layout-flow\" style=\"padding-top:0;padding-right:0;padding-bottom:0;padding-left:0\">\n<figure class=\"wp-block-image size-full\"><img loading=\"lazy\" decoding=\"async\" width=\"561\" height=\"600\" src=\"https:\/\/yellowprofesional.com.co\/wp-content\/uploads\/2023\/04\/pure_tone_ingredients02-561x600_2.png\" alt=\"\" class=\"wp-image-135\" srcset=\"https:\/\/yellowprofesional.com.co\/wp-content\/uploads\/2023\/04\/pure_tone_ingredients02-561x600_2.png 561w, https:\/\/yellowprofesional.com.co\/wp-content\/uploads\/2023\/04\/pure_tone_ingredients02-561x600_2-281x300.png 281w\" sizes=\"auto, (max-width: 561px) 100vw, 561px\" \/><\/figure>\n<\/div>\n\n\n\n<div class=\"wp-block-column is-layout-flow wp-block-column-is-layout-flow\" style=\"padding-top:0;padding-right:0;padding-bottom:0;padding-left:0\">\n<h3 class=\"wp-block-heading has-text-color\" style=\"color:#9678d3\"><strong>NUESTRA F\u00d3RMULA DE COLOR:<\/strong><\/h3>\n\n\n\n<h1 class=\"wp-block-heading has-secondary-color has-text-color\">\u00a1s\u00f3lo tienes que probarla!<\/h1>\n\n\n\n<p>EXCLUSIVIDAD Y DELICADEZA EN EL CORAZ\u00d3N DE LA F\u00d3RMULA:<br><strong>QUINOA&nbsp;<\/strong>y<strong>&nbsp;ACEITE DE CAMELIA<\/strong><\/p>\n\n\n\n<p><\/p>\n\n\n\n<h5 class=\"wp-block-heading has-text-color\" style=\"color:#9678d3;font-style:normal;font-weight:700\">Quinoa<br>ORIGEN NATURAL<\/h5>\n\n\n\n<p>ESTE SUPERALIMENTO AYUDA A PROTEGER Y REPARAR INTENSAMENTE EL CABELLO. ASIMISMO, MEJORA LA ABSORCI\u00d3N DEL TINTE EN LA FIBRA, AUMENTANDO TAMBI\u00c9N SU DURACI\u00d3N A LO LARGO DEL TIEMPO.<\/p>\n\n\n\n<p><\/p>\n\n\n\n<h5 class=\"wp-block-heading has-text-color\" style=\"color:#9678d3;font-style:normal;font-weight:700\">Aceite de Camelia<br>100% DE ORIGEN NATURAL<\/h5>\n\n\n\n<p><\/p>\n\n\n\n<p>ESTE PRECIADO ACEITE \u2013 EN SINERGIA CON LOS ACEITES DE RICINO Y DE T\u00c9 VERDE\u2013 MANTIENE HIDRATADA LA FIBRA CAPILAR, INCLUSO TRAS EL USO DE APARATOS DE CALOR. PARA UN CABELLO SUAVE Y BRILLANTE.<\/p>\n<\/div>\n<\/div>\n<\/div><\/div>\n\n\n\n<h2 class=\"wp-block-heading has-text-align-center has-text-color\" style=\"color:#9678d3;font-style:normal;font-weight:700\">NUESTRO MATERIAL DE SOPORTE<\/h2>\n\n\n\n<h1 class=\"wp-block-heading has-text-align-center has-secondary-color has-text-color\">Siempre a tu lado!<\/h1>\n\n\n\n<div class=\"wp-block-buttons is-horizontal is-content-justification-center is-layout-flex wp-container-core-buttons-is-layout-499968f5 wp-block-buttons-is-layout-flex\">\n<div class=\"wp-block-button\"><a class=\"wp-block-button__link has-text-align-center wp-element-button\" href=\"https:\/\/yellowprofesional.com.co\/wp-content\/uploads\/2023\/04\/Yellow-Pure-Toners_PP027106-LOCANDINA-TECNICA-ESP.pdf\" style=\"border-radius:100px\" target=\"_blank\" rel=\"noreferrer noopener\">Descargar material t\u00e9cnico<\/a><\/div>\n<\/div>\n\n\n\n<figure class=\"wp-block-video alignfull\"><video controls poster=\"https:\/\/yellowprofesional.com.co\/wp-content\/uploads\/2023\/04\/Yellow_Cover_VideoPillole_PureTone.jpg\" src=\"https:\/\/download-video.akamaized.net\/2\/playback\/8a692410-b9a8-4100-b233-12eaf86191f4\/80698d16-2abe9f8e?__token__=st=1680580763~exp=1680595163~acl=%2F2%2Fplayback%2F8a692410-b9a8-4100-b233-12eaf86191f4%2F80698d16-2abe9f8e%2A~hmac=6cde56cc86e30bf22af8d110bc94316a3356722f8aa338db4f456fbb6c62f6d5&amp;r=dXM%3D\"><\/video><\/figure>\n","protected":false},"excerpt":{"rendered":"<p>Descubre&nbsp;los productos GEL TONALIZANTE EXTRA CARE &amp; BRILLO FORMULADO PARA TONALIZAR EL CABELLO DECOLORADO GARANTIZANDO BRILLO Y RESULTADOS DE CUIDADO EXTRA NUESTRO MATERIAL DE SOPORTE Siempre a tu lado!<\/p>\n","protected":false},"author":1,"featured_media":0,"parent":0,"menu_order":0,"comment_status":"closed","ping_status":"closed","template":"","meta":{"hide_page_title":"enabled","footnotes":""},"class_list":["post-117","page","type-page","status-publish","hentry"],"_links":{"self":[{"href":"https:\/\/yellowprofesional.com.co\/index.php\/wp-json\/wp\/v2\/pages\/117","targetHints":{"allow":["GET"]}}],"collection":[{"href":"https:\/\/yellowprofesional.com.co\/index.php\/wp-json\/wp\/v2\/pages"}],"about":[{"href":"https:\/\/yellowprofesional.com.co\/index.php\/wp-json\/wp\/v2\/types\/page"}],"author":[{"embeddable":true,"href":"https:\/\/yellowprofesional.com.co\/index.php\/wp-json\/wp\/v2\/users\/1"}],"replies":[{"embeddable":true,"href":"https:\/\/yellowprofesional.com.co\/index.php\/wp-json\/wp\/v2\/comments?post=117"}],"version-history":[{"count":16,"href":"https:\/\/yellowprofesional.com.co\/index.php\/wp-json\/wp\/v2\/pages\/117\/revisions"}],"predecessor-version":[{"id":223,"href":"https:\/\/yellowprofesional.com.co\/index.php\/wp-json\/wp\/v2\/pages\/117\/revisions\/223"}],"wp:attachment":[{"href":"https:\/\/yellowprofesional.com.co\/index.php\/wp-json\/wp\/v2\/media?parent=117"}],"curies":[{"name":"wp","href":"https:\/\/api.w.org\/{rel}","templated":true}]}}