{"id":308,"date":"2023-04-05T15:46:02","date_gmt":"2023-04-05T15:46:02","guid":{"rendered":"https:\/\/yellowprofesional.com.co\/?page_id=308"},"modified":"2023-04-05T15:47:18","modified_gmt":"2023-04-05T15:47:18","slug":"star-2","status":"publish","type":"page","link":"https:\/\/yellowprofesional.com.co\/index.php\/star-2\/","title":{"rendered":"Star"},"content":{"rendered":"\n<div class=\"wp-block-cover alignfull is-light has-custom-content-position is-position-center-right\" style=\"padding-top:0;padding-right:0;padding-bottom:0px;padding-left:0;min-height:670px;aspect-ratio:unset;\"><span aria-hidden=\"true\" class=\"wp-block-cover__background has-background-dim-0 has-background-dim\"><\/span><img loading=\"lazy\" decoding=\"async\" width=\"2560\" height=\"901\" class=\"wp-block-cover__image-background wp-image-309\" alt=\"\" src=\"https:\/\/yellowprofesional.com.co\/wp-content\/uploads\/2023\/04\/banner-star-1-scaled.jpg\" data-object-fit=\"cover\" srcset=\"https:\/\/yellowprofesional.com.co\/wp-content\/uploads\/2023\/04\/banner-star-1-scaled.jpg 2560w, https:\/\/yellowprofesional.com.co\/wp-content\/uploads\/2023\/04\/banner-star-1-300x106.jpg 300w, https:\/\/yellowprofesional.com.co\/wp-content\/uploads\/2023\/04\/banner-star-1-1024x361.jpg 1024w, https:\/\/yellowprofesional.com.co\/wp-content\/uploads\/2023\/04\/banner-star-1-768x270.jpg 768w, https:\/\/yellowprofesional.com.co\/wp-content\/uploads\/2023\/04\/banner-star-1-1536x541.jpg 1536w, https:\/\/yellowprofesional.com.co\/wp-content\/uploads\/2023\/04\/banner-star-1-2048x721.jpg 2048w\" sizes=\"auto, (max-width: 2560px) 100vw, 2560px\" \/><div class=\"wp-block-cover__inner-container is-layout-flow wp-block-cover-is-layout-flow\">\n<h2 class=\"wp-block-heading has-text-align-right\" style=\"font-size:70px;font-style:normal;font-weight:600\">STAR<\/h2>\n\n\n\n<h1 class=\"wp-block-heading has-text-align-right has-text-color\" style=\"color:#ad9142\">Your shiny moments<\/h1>\n\n\n\n<p class=\"has-text-align-right\">L\u00cdNEA APTA PARA\u00a0<strong>TODO TIPO DE CABELLO<\/strong>, CAPAZ DE RECOBRAR LA\u00a0<strong>LUMINOSIDAD<\/strong>\u00a0<strong>NATURAL<\/strong><br>Y OTORGAR UN\u00a0<strong>BRILLO INMEDIATO<\/strong>\u00a0A LOS CABELLOS M\u00c1S APAGADOS Y OPACOS.<\/p>\n<\/div><\/div>\n\n\n\n<h1 class=\"wp-block-heading has-text-align-center has-text-color\" style=\"color:#ad9142\">Descubre&nbsp;los productos<\/h1>\n\n\n\n<div class=\"wp-block-columns alignwide is-layout-flex wp-container-core-columns-is-layout-9d6595d7 wp-block-columns-is-layout-flex\">\n<div class=\"wp-block-column is-layout-flow wp-block-column-is-layout-flow\" style=\"padding-top:0;padding-right:0;padding-bottom:0;padding-left:0\"><div class=\"wp-block-image\">\n<figure class=\"aligncenter size-full\"><img loading=\"lazy\" decoding=\"async\" width=\"600\" height=\"851\" src=\"https:\/\/yellowprofesional.com.co\/wp-content\/uploads\/2023\/04\/YELLOW_STAR_IlluminatingConditioner_PF020965_500ml_Fla-600x0-c-default.png\" alt=\"\" class=\"wp-image-311\" srcset=\"https:\/\/yellowprofesional.com.co\/wp-content\/uploads\/2023\/04\/YELLOW_STAR_IlluminatingConditioner_PF020965_500ml_Fla-600x0-c-default.png 600w, https:\/\/yellowprofesional.com.co\/wp-content\/uploads\/2023\/04\/YELLOW_STAR_IlluminatingConditioner_PF020965_500ml_Fla-600x0-c-default-212x300.png 212w\" sizes=\"auto, (max-width: 600px) 100vw, 600px\" \/><\/figure>\n<\/div>\n\n\n<h5 class=\"wp-block-heading has-text-align-center\" style=\"font-style:normal;font-weight:700\"><strong>CONDITIONER<\/strong><\/h5>\n\n\n\n<p class=\"has-text-align-center\">APORTA SUAVIDAD Y BRILLO SIN APELMAZAR<\/p>\n<\/div>\n\n\n\n<div class=\"wp-block-column is-layout-flow wp-block-column-is-layout-flow\" style=\"padding-top:0;padding-right:0;padding-bottom:0;padding-left:0\"><div class=\"wp-block-image\">\n<figure class=\"aligncenter size-full\"><img loading=\"lazy\" decoding=\"async\" width=\"600\" height=\"851\" src=\"https:\/\/yellowprofesional.com.co\/wp-content\/uploads\/2023\/04\/YELLOW_STAR_FlaIntensiveShineSerum_PF021497_-13ml_Fia-600x0-c-default.png\" alt=\"\" class=\"wp-image-310\" srcset=\"https:\/\/yellowprofesional.com.co\/wp-content\/uploads\/2023\/04\/YELLOW_STAR_FlaIntensiveShineSerum_PF021497_-13ml_Fia-600x0-c-default.png 600w, https:\/\/yellowprofesional.com.co\/wp-content\/uploads\/2023\/04\/YELLOW_STAR_FlaIntensiveShineSerum_PF021497_-13ml_Fia-600x0-c-default-212x300.png 212w\" sizes=\"auto, (max-width: 600px) 100vw, 600px\" \/><\/figure>\n<\/div>\n\n\n<h5 class=\"wp-block-heading has-text-align-center\" style=\"font-style:normal;font-weight:700\"><strong>INTENSIVE SHINE SERUM<\/strong><\/h5>\n\n\n\n<p class=\"has-text-align-center\">ACT\u00daA EN PROFUNDIDAD PARA PROPORCIONAR UNA RECARGA DE BRILLO INMEDIATA<\/p>\n<\/div>\n\n\n\n<div class=\"wp-block-column is-layout-flow wp-block-column-is-layout-flow\" style=\"padding-top:0;padding-right:0;padding-bottom:0;padding-left:0\"><div class=\"wp-block-image\">\n<figure class=\"aligncenter size-full\"><img loading=\"lazy\" decoding=\"async\" width=\"600\" height=\"851\" src=\"https:\/\/yellowprofesional.com.co\/wp-content\/uploads\/2023\/04\/YELLOW_STAR_LeaveInCream_PF020966_250ml_Tub-600x0-c-default.png\" alt=\"\" class=\"wp-image-313\" srcset=\"https:\/\/yellowprofesional.com.co\/wp-content\/uploads\/2023\/04\/YELLOW_STAR_LeaveInCream_PF020966_250ml_Tub-600x0-c-default.png 600w, https:\/\/yellowprofesional.com.co\/wp-content\/uploads\/2023\/04\/YELLOW_STAR_LeaveInCream_PF020966_250ml_Tub-600x0-c-default-212x300.png 212w\" sizes=\"auto, (max-width: 600px) 100vw, 600px\" \/><\/figure>\n<\/div>\n\n\n<h5 class=\"wp-block-heading has-text-align-center\" style=\"font-style:normal;font-weight:700\"><strong>LEAVE-IN CREAM<\/strong><\/h5>\n\n\n\n<p class=\"has-text-align-center\">DESENREDAR E ILUMINAR TODO TIPO DE CABELLO<\/p>\n<\/div>\n\n\n\n<div class=\"wp-block-column is-layout-flow wp-block-column-is-layout-flow\" style=\"padding-top:0;padding-right:0;padding-bottom:0;padding-left:0\"><div class=\"wp-block-image\">\n<figure class=\"aligncenter size-full\"><img loading=\"lazy\" decoding=\"async\" width=\"600\" height=\"851\" src=\"https:\/\/yellowprofesional.com.co\/wp-content\/uploads\/2023\/04\/YELLOW_STAR_LighIlluminatingOil_PF020967_125ml_Fla-600x0-c-default.png\" alt=\"\" class=\"wp-image-314\" srcset=\"https:\/\/yellowprofesional.com.co\/wp-content\/uploads\/2023\/04\/YELLOW_STAR_LighIlluminatingOil_PF020967_125ml_Fla-600x0-c-default.png 600w, https:\/\/yellowprofesional.com.co\/wp-content\/uploads\/2023\/04\/YELLOW_STAR_LighIlluminatingOil_PF020967_125ml_Fla-600x0-c-default-212x300.png 212w\" sizes=\"auto, (max-width: 600px) 100vw, 600px\" \/><\/figure>\n<\/div>\n\n\n<h5 class=\"wp-block-heading has-text-align-center\" style=\"font-style:normal;font-weight:700\"><strong>ACEITE<\/strong><\/h5>\n\n\n\n<p class=\"has-text-align-center\">APORTA UNA DOSIS DE BRILLO AL CABELLO Y AL CUERPO.<\/p>\n<\/div>\n<\/div>\n\n\n\n<div class=\"wp-block-columns alignwide is-layout-flex wp-container-core-columns-is-layout-9d6595d7 wp-block-columns-is-layout-flex\">\n<div class=\"wp-block-column is-layout-flow wp-block-column-is-layout-flow\" style=\"padding-top:0;padding-right:0;padding-bottom:0;padding-left:0\"><div class=\"wp-block-image\">\n<figure class=\"aligncenter size-full\"><img loading=\"lazy\" decoding=\"async\" width=\"600\" height=\"851\" src=\"https:\/\/yellowprofesional.com.co\/wp-content\/uploads\/2023\/04\/YELLOW_STAR_IlluminatingShampoo_PF020963_500ml_Fla-600x0-c-default.png\" alt=\"\" class=\"wp-image-312\" srcset=\"https:\/\/yellowprofesional.com.co\/wp-content\/uploads\/2023\/04\/YELLOW_STAR_IlluminatingShampoo_PF020963_500ml_Fla-600x0-c-default.png 600w, https:\/\/yellowprofesional.com.co\/wp-content\/uploads\/2023\/04\/YELLOW_STAR_IlluminatingShampoo_PF020963_500ml_Fla-600x0-c-default-212x300.png 212w\" sizes=\"auto, (max-width: 600px) 100vw, 600px\" \/><\/figure>\n<\/div>\n\n\n<h5 class=\"wp-block-heading has-text-align-center\" style=\"font-style:normal;font-weight:700\"><strong>SHAMPOO<\/strong><\/h5>\n\n\n\n<p class=\"has-text-align-center\">LIMPIAR SUAVEMENTE PARA EL CABELLO SEA INMEDIATAMENTE M\u00c1S BRILLANTE, LIGERO Y F\u00c1CIL DE DESENREDAR.<\/p>\n<\/div>\n<\/div>\n\n\n\n<div class=\"wp-block-cover alignfull is-light\"><span aria-hidden=\"true\" class=\"wp-block-cover__background has-background-dim-100 has-background-dim\" style=\"background-color:#ffeec4\"><\/span><div class=\"wp-block-cover__inner-container is-layout-flow wp-block-cover-is-layout-flow\">\n<div class=\"wp-block-columns alignwide is-layout-flex wp-container-core-columns-is-layout-9d6595d7 wp-block-columns-is-layout-flex\">\n<div class=\"wp-block-column is-layout-flow wp-block-column-is-layout-flow\" style=\"padding-top:0;padding-right:0;padding-bottom:0;padding-left:0\">\n<figure class=\"wp-block-image size-full\"><img loading=\"lazy\" decoding=\"async\" width=\"561\" height=\"600\" src=\"https:\/\/yellowprofesional.com.co\/wp-content\/uploads\/2023\/04\/star_ingredients02-561x600-23.png\" alt=\"\" class=\"wp-image-316\" srcset=\"https:\/\/yellowprofesional.com.co\/wp-content\/uploads\/2023\/04\/star_ingredients02-561x600-23.png 561w, https:\/\/yellowprofesional.com.co\/wp-content\/uploads\/2023\/04\/star_ingredients02-561x600-23-281x300.png 281w\" sizes=\"auto, (max-width: 561px) 100vw, 561px\" \/><\/figure>\n<\/div>\n\n\n\n<div class=\"wp-block-column is-layout-flow wp-block-column-is-layout-flow\" style=\"padding-top:0;padding-right:0;padding-bottom:0;padding-left:0\">\n<h3 class=\"wp-block-heading has-text-color\" style=\"color:#ad9142\"><strong><strong>EL PODER LUMINOSO DE LA NATURALEZA<\/strong><\/strong><\/h3>\n\n\n\n<h1 class=\"wp-block-heading has-secondary-color has-text-color\">Flor de Verbasco y Aceite de Granada<\/h1>\n\n\n\n<h5 class=\"wp-block-heading has-text-color\" style=\"color:#ad9142;font-style:normal;font-weight:700\">Flor de Verbasco<br>ORIGEN NATURAL<\/h5>\n\n\n\n<p>LAS PROPIEDADES FOTOLUMINISCENTES DEL EXTRACTO DE ESTA FLOR, ORIGINARIA DE LA ZONA MEDITERR\u00c1NEA, APORTAN BRILLO Y LUMINOSIDAD AL CABELLO, PROTEGI\u00c9NDOLO Y TRANSFORMANDO LOS RAYOS UV EN UNA FUENTE DE LUZ<\/p>\n\n\n\n<h5 class=\"wp-block-heading has-text-color\" style=\"color:#ad9142;font-style:normal;font-weight:700\">Aceite de Granada<br>100% NATURAL Y SOSTENIBLE<\/h5>\n\n\n\n<p>RICO EN VITAMINAS Y ANTIOXIDANTES, ESTE ACEITE, ADEM\u00c1S DE EJERCER UNA ACCI\u00d3N ILUMINADORA, AYUDA A PROTEGER EL CABELLO DEL ESTR\u00c9S OXIDATIVO CAUSADO POR LOS RADICALES LIBRES.<br><strong>SOSTENIBILIDAD:<\/strong><br>ESTE INGREDIENTE SE OBTIENE CON EL SISTEMA DE \u00abUPCYCLING\u00bb, ES DECIR, A PARTIR DE PARTES DE DESECHO, MINIMIZANDO AS\u00cd EL IMPACTO MEDIOAMBIENTAL DEL PROCESO.<\/p>\n<\/div>\n<\/div>\n<\/div><\/div>\n\n\n\n<h2 class=\"wp-block-heading has-text-align-center has-text-color\" style=\"color:#ad9142;font-style:normal;font-weight:700\">NUESTRO MATERIAL DE SOPORTE<\/h2>\n\n\n\n<h1 class=\"wp-block-heading has-text-align-center has-secondary-color has-text-color\">Siempre a tu lado!<\/h1>\n\n\n\n<div class=\"wp-block-buttons is-horizontal is-content-justification-center is-layout-flex wp-container-core-buttons-is-layout-499968f5 wp-block-buttons-is-layout-flex\">\n<div class=\"wp-block-button\"><a class=\"wp-block-button__link has-text-align-center wp-element-button\" href=\"https:\/\/yellowprofesional.com.co\/wp-content\/uploads\/2023\/04\/YELLOW_PP024590-STAR-LOCANDINA-TECNICA_ESP.pdf\" style=\"border-radius:100px\" target=\"_blank\" rel=\"noreferrer noopener\">Descargar material t\u00e9cnico<\/a><\/div>\n<\/div>\n\n\n\n<figure class=\"wp-block-video alignfull\"><video controls poster=\"https:\/\/yellowprofesional.com.co\/wp-content\/uploads\/2023\/04\/scalp-cover-video-star.jpg\" src=\"https:\/\/player.vimeo.com\/progressive_redirect\/playback\/678786363\/rendition\/1080p?loc=external&amp;signature=3047868fae542bf1f06382e81fff01ac858563ed55e8528bb76e122540a4561a\"><\/video><\/figure>\n","protected":false},"excerpt":{"rendered":"<p>Descubre&nbsp;los productos CONDITIONER APORTA SUAVIDAD Y BRILLO SIN APELMAZAR INTENSIVE SHINE SERUM ACT\u00daA EN PROFUNDIDAD PARA PROPORCIONAR UNA RECARGA DE BRILLO INMEDIATA LEAVE-IN CREAM DESENREDAR E ILUMINAR TODO TIPO DE CABELLO ACEITE APORTA UNA DOSIS DE BRILLO AL CABELLO Y AL CUERPO. SHAMPOO LIMPIAR SUAVEMENTE PARA EL CABELLO SEA INMEDIATAMENTE M\u00c1S BRILLANTE, LIGERO Y F\u00c1CIL [&hellip;]<\/p>\n","protected":false},"author":1,"featured_media":0,"parent":0,"menu_order":0,"comment_status":"closed","ping_status":"closed","template":"","meta":{"hide_page_title":"enabled","footnotes":""},"class_list":["post-308","page","type-page","status-publish","hentry"],"_links":{"self":[{"href":"https:\/\/yellowprofesional.com.co\/index.php\/wp-json\/wp\/v2\/pages\/308","targetHints":{"allow":["GET"]}}],"collection":[{"href":"https:\/\/yellowprofesional.com.co\/index.php\/wp-json\/wp\/v2\/pages"}],"about":[{"href":"https:\/\/yellowprofesional.com.co\/index.php\/wp-json\/wp\/v2\/types\/page"}],"author":[{"embeddable":true,"href":"https:\/\/yellowprofesional.com.co\/index.php\/wp-json\/wp\/v2\/users\/1"}],"replies":[{"embeddable":true,"href":"https:\/\/yellowprofesional.com.co\/index.php\/wp-json\/wp\/v2\/comments?post=308"}],"version-history":[{"count":4,"href":"https:\/\/yellowprofesional.com.co\/index.php\/wp-json\/wp\/v2\/pages\/308\/revisions"}],"predecessor-version":[{"id":321,"href":"https:\/\/yellowprofesional.com.co\/index.php\/wp-json\/wp\/v2\/pages\/308\/revisions\/321"}],"wp:attachment":[{"href":"https:\/\/yellowprofesional.com.co\/index.php\/wp-json\/wp\/v2\/media?parent=308"}],"curies":[{"name":"wp","href":"https:\/\/api.w.org\/{rel}","templated":true}]}}